*a = -32, -u - o*a + 13 = 5. Determine l(u).
-3
Let n(l) = -l**3 - 26*l**2 - 10*l + 374. Let j be n(-25). Let a(s) = -17*s - 9. Give a(j).
8
Let c(u) = -1147 + 2313 - u**3 - 30*u + 66*u**2 - 37*u**2 - 1102. Determine c(28).
8
Suppose 5*w - 7*w + 18 = 0. Let g be (-10 + w)/(1/5). Let i(h) = -h**3 - 4*h**2 + 7*h + 4. Calculate i(g).
-6
Let y be ((-136)/12)/((-22)/33). Suppose -29 = -4*q - y. Let j(f) = -2*f**3 + 2*f**2 - 2*f - 4. What is j(q)?
-46
Let g(n) = -5*n**2 + n - 1. Let l(s) be the third derivative of -s**5/60 - s**3/6 + 6*s**2. Let h(i) = -g(i) + 6*l(i). Determine h(-4).
-17
Let f(k) be the first derivative of k**4/4 - 8*k**3/3 + 9*k**2/2 - 16*k - 115. Calculate f(7).
-2
Suppose -70*x - 81*x = -162*x + 110. Let w(u) = u**2 - 8*u - 8. Give w(x).
12
Let u(n) = -17*n**3 + 154*n**2 - 13*n + 47. Let t be u(9). Let l(p) be the second derivative of p**4/12 - 7*p**3/3 + 3*p**2/2 - 4*p. Calculate l(t).
-30
Let b(n) = -n**2 + 4*n + 7. Let x be 5 - (-92)/(-16) - 123/(-4). Suppose -4*a + x = 3*k, -k - 2*k + 6 = 0. Calculate b(a).
-5
Let f(a) = 5*a**3 + 12*a**2 + 6*a + 14. Let j(d) = -4*d**3 - 11*d**2 - 4*d - 12. Let v(x) = -5*f(x) - 6*j(x). Give v(5).
-3
Let h(a) = -a**2 - 7*a + 5. Let b be ((-336)/70)/(9/(-30)). Let k be -5 + 0 + (15 - b). Calculate h(k).
11
Let k be ((-6)/90)/((-2)/(-3)) + (-4544)/(-640). Let z(g) = -1. Let q(j) = 0*j - 2 + 5 - 2*j. Let y(u) = q(u) - 2*z(u). Give y(k).
-9
Let b(a) be the first derivative of -67*a**3 + 4 - 2*a + 24 + 68*a**3 - 1. Calculate b(-2).
10
Let k(g) = -428*g + 445*g + 39 - 43 - g**2. Calculate k(17).
-4
Let w(g) = g**3 + 7*g**2 + 30*g - 9. Let b(p) = 3*p**3 + 19*p**2 + 89*p - 33. Let c(f) = 2*b(f) - 7*w(f). Calculate c(-6).
9
Let j(i) = -6*i + 4. Let l(r) = -58*r + 34. Let c(v) = 8*j(v) - l(v). Give c(1).
8
Let i(m) = 2*m**2 + m. Let k be i(1). Suppose 0 = -354*u + 350*u + 8. Let o(v) = 3*v + 70*v**3 + u + 0*v**2 - 69*v**3 - 4*v**2. Determine o(k).
2
Let d(m) = m**2 - 8*m - 10. Let b = 68 - 41. Suppose -45*u = -83*u + 836. Suppose 35 = -u*a + b*a. Give d(a).
-17
Let m(n) be the first derivative of 7*n**3 + n**2 + 2*n - 1809. Calculate m(-1).
21
Suppose 2*k - 4*r - 24 = 0, -5*k = 2*r - r - 27. Suppose 5*l + 3*c = k + 9, 0 = -2*c. Let m(p) = 5*p**3 - 8 + 14 - 4*p**l + p**2. Give m(0).
6
Let i be 38*1*2/(-2). Let j be 4/(-8)*78 + 5. Let y = j - i. Let u(c) = c**2 - 7*c + 3. What is u(y)?
-9
Let i(r) = -r**3 - 2038*r - 8*r**2 - 2056*r - 7 + 4103*r. Suppose -3*h = 16 + 11. Determine i(h).
-7
Suppose -i - 1 = 17*u - 16*u, 5*i - 5 = 5*u. Let h(g) be the second derivative of i + 2*g + 1/6*g**4 - 4/3*g**3 + 5/2*g**2. Determine h(5).
15
Let c(g) = -15*g + 1222. Let m be c(81). Let k(f) = -5*f - 4*f + f**2 - 8 - f + 4*f. Give k(m).
-1
Let n(d) = -1130 + 3389 - 4*d - 1133 - 1125 - 2*d**2 - d**3. Give n(-2).
9
Let q(i) = -4 - i + 6 - 6*i**2 - 2 + 1. Let r(a) = 3*a - 65. Let v be 33/(-2)*(-28)/21. Let y be r(v). Calculate q(y).
-6
Suppose 5*y - 5 = -0. Let g = -234 + 236. Let p be (y - (2 + -2*g)) + 3. Let t(d) = -d**3 + 7*d**2 - 7*d + 5. Give t(p).
-1
Let q(b) = b**2 + 2*b + 2. Let m = 108 - 105. Suppose 4*u - 15 = 3*u - 2*r, 5*u - 10 = m*r. Suppose 3*x + u = -x + w, -8 = x + 2*w. Give q(x).
2
Let p(o) be the first derivative of o**3/3 + 3*o**2/2 - 2*o + 16. Let f be p(1). Let h(y) = -f*y**2 + 5*y - 3*y + 1 + 426*y**3 - 427*y**3. Calculate h(2).
-11
Let m(w) = -w**3 - 4*w**2 + 16*w + 13. Let k(u) = u**3 + 40*u**2 + 54*u + 579. Let z be k(-39). What is m(z)?
-11
Let m(d) = -3*d - 310 - 300 + 1230 - 296 - 308. Give m(8).
-8
Let v(t) = 211 + 220 + 207 + 223 + t - 849. Give v(4).
16
Let y(q) = -q**3 + 2*q**2 + 5*q - 2. Let x be y(4). Let l be ((-268)/x)/(-2) + 376/658. Let f(p) = -p**2 - 9*p + 10. Give f(l).
10
Let x(z) = -12*z - 275. Let m be x(-23). Let s(c) = c + 1. Let r(y) be the second derivative of -y**2/2 - y. Let t(v) = m*s(v) - 5*r(v). Give t(6).
12
Let j(g) be the third derivative of -18*g**2 - 1 - 5/24*g**4 + 1/60*g**5 + 0*g - 1/6*g**3. Calculate j(4).
-5
Let j(b) = -6*b + 1. Let q(m) = m**2 - 46*m - 3. Let s(u) = 3*j(u) - q(u). What is s(28)?
6
Let k(d) = 31 - 15*d**2 - 4*d**3 - 6*d**3 + 3*d**3 + 10*d + 6*d**3 + 9*d. What is k(-16)?
-17
Let w(c) = 77*c**3 + 2*c**2 - 1. Suppose 550*q = 583*q + 33. Determine w(q).
-76
Let t(m) be the third derivative of m**7/2520 + 7*m**6/720 - m**5/30 + 103*m**4/24 - 117*m**2. Let c(f) be the second derivative of t(f). Calculate c(-4).
-16
Let o(q) = q**2 + 3*q - q**3 + 1 - 11*q + 6*q. Let z be (-4)/22 - (-869)/121. Suppose 24*i = 79 - z. Calculate o(i).
-23
Let l(p) = p**3 + 9*p**2 + 6*p. Let c = -104 - -142. Let x = -46 + c. Determine l(x).
16
Suppose 6*p - 1552 - 800 = 0. Let c be 4/20 + p/(-10). Let b = c + 31. Let a(s) = -s - 11. Give a(b).
-3
Let m = 144 + -279. Let s = m - -139. Let g(q) = q**2 - 5*q - 2. Determine g(s).
-6
Let i(w) = 2*w**2 + 9*w + 7. Suppose -2*f + 0*g = 3*g + 21, -4*g - 6 = -f. Give i(f).
25
Let b(c) = -7*c**2 - 6*c + 9. Let y(j) = 19*j**2 + 19*j - 26. Let q = 26 + -34. Let s(u) = q*b(u) - 3*y(u). What is s(-10)?
-4
Let c(z) = -4*z**2 + 1. Let w(r) = -23*r - 65. Let i be w(-3). Let p be -4 + i*(-5)/(-10) + 3. Give c(p).
-3
Suppose o = 3*i + 3, o = 2*o - 4*i - 2. Let c(g) = -o + 3 - 13 - 1 + 2*g. What is c(7)?
-3
Let g(u) = -u + 17*u**2 + 49*u**3 - 25*u**3 - 25*u**3 + 21. Let l be g(17). Suppose l*h - 10 = 14. Let j(p) = -p**2 + 5*p + 7. Determine j(h).
1
Suppose -5*z + k = 7, -z + 3*k - 13 = -6. Let l(q) be the first derivative of q - 25 + q**2 + 17/3*q**3. Calculate l(z).
16
Suppose -5*h = 3*n - 19, -2*h - 2*n + 2 + 8 = 0. Suppose 0 = h*d - 15 - 5. Let l(s) = d*s - 18*s + 9*s. Calculate l(-3).
-3
Let a(r) = 7*r**2 + 22*r + 31. Let g(z) = 16*z**2 + 47*z + 64. Let b(j) = 7*a(j) - 3*g(j). Give b(-10).
-5
Let w(o) = -5*o**2 + 3*o - 1. Let b = -356 - -360. Give w(b).
-69
Let j(u) be the second derivative of u**3/6 - u**2/2 - u. Suppose -19*a - 4*b + 28 = -16*a, -40 = 5*a - 2*b. Calculate j(a).
-5
Suppose 3*m - 28*m = 9*m. Let a(w) be the third derivative of -1/6*w**4 + 0 + 9*w**2 + 0*w + m*w**3. Determine a(4).
-16
Let v(i) = 28*i**3 - 14*i**2 - i - 7. Let k(g) = 30*g**3 - 11*g**2 - g - 6. Let o(d) = -5*k(d) + 4*v(d). Give o(-1).
38
Let s(r) = r**3 - 7*r**2 - 7*r + 2. Suppose -5*u = 0, 4*t + 21*u - 32 = 19*u. What is s(t)?
10
Suppose -15*y = -20*y + 10. Suppose -20 = y*a - 8. Let s(p) = -p**2 - 7*p - 3. Give s(a).
3
Let x be 18/8 - 9/(-12). Let g(d) be the second derivative of d**3/6 + d**2 + d + 196. Calculate g(x).
5
Let p(y) = y**3 + 2*y - 54. Suppose o + 8 = 2*z, 4*o - 155*z - 16 = -159*z. What is p(o)?
-54
Suppose -2*b = -4*b - 14. Let n(j) = -22*j + 26. Let k be 195/(-30) - ((-10)/4)/(-1). Let m(s) = 5*s - 6. Let o(r) = k*m(r) - 2*n(r). Calculate o(b).
9
Let s be 81/18*10/45. Suppose 3*c + i + s - 19 = 0, -4*c - 3*i = -29. Let m(q) = 5 + q + 3*q**2 - 8*q**2 + q**3 - 2*q. Calculate m(c).
0
Suppose -o - 4*o + 10 = -4*n, 0 = -4*o + 3*n + 8. Let g = 16 + -12. Let x(w) = w - 4 + g - w**o + 0. Determine x(-1).
-2
Let o(r) = r**3 - r**2 + r - 5. Let i = 44 + -40. Let g be 0/i + 78/2. Let f = g + -39. Give o(f).
-5
Let c = 64 + -62. Suppose c*t - 32 + 10 = -4*m, -3*t = 4*m - 31. Let j(o) = -t*o**3 - o + 10*o**3 - 2 - 6 + 6*o**2 - 5*o**2. Determine j(0).
-8
Let z(g) = g - 1. Let d(u) = 0 + 857*u - 869*u - 1. Let i(x) = d(x) - 2*z(x). Determine i(1).
-13
Suppose -360 = 11173*r - 11164*r. Let i(a) = 4*a**2 + 159*a - 37. What is i(r)?
3
Suppose 3*t + v - 28 = 0, -3*v = -4*t + v + 32. Suppose 2*i - 18 = 4*q, -q - 5*i + t = -5*q. Let g(z) = z**2 + 7*z - 2. Determine g(q).
-8
Let i(m) = 29*m**3 - 723*m**2 + 12*m**3 + 724*m**2. Give i(-1).
-40
Let p(b) = b**2 + 12*b - 9. Let g be p(-20). Let l(z) = 157 + 7*z**2 + z**3 - 312 - 3*z + g. What is l(-7)?
17
Suppose 2*c = -3*y - 32, 0 = -3*c + 3*y - 87 + 24. Let h(t) = t + 24. Let b be h(0). Let f = b + c. Let z(s) = 2*s**2 - 5*s - 3. What is z(f)?
22
Let s(c) = -c + 2. Let k(b) = -39 - 2*b + 17 - 15 - 23 + b**2. Let z be k(9). Suppose 1 = -v + z. Calculate s(v).
0
Let i(s) = -2*s**2 - 10*s - 5. Let b = -972 - -957. Let q be (b/(-10))/(54/(-252)). Give i(q).
-33
Let c be 9 + (-3*(-2)/2)/(-1). Let b(k) be the third derivative of 7/24*k**4 + 7/60*k**5 + 1/120*k**c - 5*k**2 + 0*k - 2/3*k**3 + 0. Determine b(-6).
-10
